-11 - -9) - (-100 - -86)
-99
What is the value of 4 + -1 + 4 + 5 + (-5 - -6)?
13
(178 - 179) + -2 + -10
-13
1 + (1 - (-25 + 1)) + -61 + 252 + -201
16
What is the value of (51113 - 51102) + (-130 - (1 + -3))?
-117
What is the value of (1056 + -1042 - (46 - (0 + 0))) + -9?
-41
What is 139 - (23 + 19 + 44)?
53
What is the value of -7 - (-15 - (24 - (23 + -1)))?
10
1 - 67 - (1 - 43 - (570 + -601))
-55
What is 22 - (-1 - ((16 - 3) + -27))?
9
Evaluate (64 - 2) + (33 - 36 - (3 - 2 - -4)).
54
(42 - (10 - -16)) + -35 - (50 - -2)
-71
Calculate 151 + (60 - 140) + -50.
21
-1 + (-8 + 0 - (-8 + 9 - -1) - 9)
-20
What is the value of 5 + 81 + (417 - 449)?
54
(-39 - 0) + ((9 - 8) + -2 - (-51 + 43))
-32
-44 + (97 + -32 - 30)
-9
54 + -56 + 39 - (-4 + -10)
51
Calculate (485 - 378) + -7 + 5.
105
What is 60 - (56 + 4 - 57)?
57
What is the value of (-3 - (0 - 0) - (-287 - -273)) + 84?
95
Evaluate -704 + 625 + (-3 - -67).
-15
What is the value of 650 + -581 + -17 + -106?
-54
Evaluate -6 + (65 - 63) + (0 - -2) - -3.
1
Evaluate -16 - (-13 + 17 - 18) - (-89 + 0 + 0).
87
What is (-1 - -2) + -1 + 36 + (2785 - 2772)?
49
Calculate (3 + -39 - -20) + 23.
7
Evaluate (35 - (30 + 37)) + 90 + 39.
97
Evaluate -87 + 159 + -41 + (1 - 10).
22
What is 98634 + -98654 + ((2 - 3) + (-1 - 0) - 2)?
-24
(41 - -5) + 91 + -111 + -2 + 15
39
Calculate 46 - (-298 + 321 - (24 + 0) - -17).
30
Evaluate (-84 - -75) + 50 - -13.
54
Evaluate (22 - 53) + 36 - -78 - (1 + 2).
80
Calculate (13 - -1) + (-21 + -27 - (28 + -16)).
-46
Evaluate -1 + (-4 - -3) - (0 - -24) - 2.
-28
0 + 5 + (34 - (-39 + (-9 - -36)))
51
What is the value of -77 + (-9 - (-8 - 8 - 17)) + -9?
-62
Calculate (29 + -54 - -9) + -31.
-47
What is the value of -18 + (46 - 24) + 47 + -1?
50
(26 + -28 - 5) + 0 + 58 - (-1 - -6)
46
Calculate 17 - (3 - (17 - 6 - 20)).
5
Evaluate ((-15 - -37) + -12 - 26) + 68.
52
What is the value of (11 - 33) + 16 + (1 + 6 - 5) + 20?
16
What is 21 - (61 - (58 - 49))?
-31
-33 + 59 + -19 + -4 + (-68 - (-3 - -1))
-63
-30 - (-19 + -81 + 44)
26
46 + (-68 - (0 - 5)) + -12
-29
What is the value of (-2 - 2) + -5 + (-25 - (-7 + -20 - -11))?
-18
Evaluate 6 + -24 + -6 + (5 - 6 - -12).
-13
(32 - (0 - (16 + -34))) + -116
-102
What is the value of 5 - (30 - 35) - 19 - (-16 + -2)?
9
Calculate (8 - (41 + -25 - 9)) + (-4 - -8 - 4).
1
-7 - (-25 + (-24 - -44 - 24))
22
12 - ((-62 - -38) + -4 + -1 + (-9 - -3))
47
What is the value of (-2 + -11 - (-44 + 45 - 14)) + -22?
-22
What is -2 - ((1 - 28) + 16 + (-30 - 1 - -6))?
34
What is (6 + -32 - -24) + -7 + 56?
47
Evaluate (4 + -15 - 5) + (6 - -10) - 56.
-56
What is the value of -8 + 11 + -7 + (-158 - -89)?
-73
(-5 - 9) + (9 - 5) + 5
-5
(106 - 143) + 148 + -138
-27
Evaluate 5 + 2 - (-64 + 131 + -44).
-16
Evaluate -38 + 44 + 1 + 2 + -5 + -48.
-44
Calculate -1 + (1 - -43) - (-60 - (9 - 63)).
49
9 - (11 + -8) - (62 + (7 - 19))
-44
Evaluate 11 + -4 + -3 - (-24 - -6 - -16).
6
Calculate (-1 - (4 - 4) - 115) + 8027 + -8027.
-116
What is the value of 7 - (-18 + -3) - (602 - 529)?
-45
Calculate (24 - 2) + (-60 - (-114 - 7)).
83
Evaluate (-9 + 18 - -1) + -30 + (2 - 2) + -3.
-23
Calculate -45 + 58 - 11 - 68.
-66
Calculate 79 + -151 - -47 - 11.
-36
What is the value of -2 + 7 + 4 - ((11 - 4) + -1 - 28)?
31
What is the value of (5 - (-27 + -5) - 2) + -46 + 34?
23
Evaluate (-1 + 43 - 20) + 15 + -5.
32
Calculate 12 + (-5 - -102) - (-9 - (-10 + -20) - 13).
101
What is (-20 + -3 + 43 - 54) + -51?
-85
What is the value of -47 + 84 + (60 - 44)?
53
Calculate (-22 - (-88 - 17) - 20) + -20.
43
Evaluate -15 - (6 - (11 - -2 - 18)).
-26
Evaluate 19 - -4 - 34 - (-5 + -3 + 0).
-3
What is 4 - (2 + -5) - (18 - 14 - -57)?
-54
Calculate -73 - (-6 + 30) - (-60 - -24).
-61
Calculate (130 - 160) + 2 + 68.
40
7 + 0 + (-115 - -123) - -5
20
What is 6 + (29 - (14 + -11 - -7))?
25
Calculate -14 + (-27 - -6) + 12 + 30.
7
Calculate -9 + -25 + 14 + (6 - -1).
-13
64 + 36 - 122 - -29
7
Evaluate 18 + 15 + -17 + -7.
9
Calculate -290 + 230 + (49 - -118).
107
Evaluate 4 - (21 + (-10 - (4 - (-4 + 6))) + -110).
105
-65 - (-69 - -3) - (-1 - -5)
-3
What is -1 + (0 - 10) + 0 + 9 + 68?
66
Calculate (-63 - (15 + -66)) + 25.
13
-845 + 879 + 4 + (41 - 2)
77
Evaluate -9 + -3 - (-105 - (33 + -49) - (-6 - 1)).
70
What is the value of 5 - (56 - (-20 + 48))?
-23
What is 140 - 231 - (-2 + -19) - -33?
-37
What is 1 - (27 - (0 - ((-5 - 5 - -6) + 6)))?
-28
14 + -2 + -27 + (-6 - 6)
-27
Evaluate -44 - (15 + -17 + 5 - (-4 + -1 - -18)).
-34
What is the value of 9 - (7 + (-4 - 11 - -2) + 5 + 4)?
6
-2 - 2 - (24 + 4 + 20 + -1)
-51
(-3 - 23) + 99 - 33
40
4 + 3 + -2 - ((19 - -5) + -40)
21
Evaluate (-130 - -126) + 36 + 30.
62
What is the value of 190 + -1 + -50 + (-42 - -4)?
101
Calculate 0 + (0 - 0) + -4 + 8 + 0 + -47.
-43
Evaluate -135 - -6 - (20 + -118).
-31
Evaluate 20 - ((1 - (0 + -12) - (31 - 16)) + 8).
14
What is -3 + (-32 - -71 - 41)?
-5
Calculate 106 + -141 + 8 + -2.
-29
-106 - (-14 + 19 + 25 + -33)
-103
Evaluate (12 - -10) + -20 - -4 - (-5 - (1 + -90)).
-78
(12124 - 12146) + (0 - 81)
-103
What is the value of 1 + 37 - (2050 + -2022)?
10
What is 20 + (9 + -67 - -12) - -16 - -18?
8
Evaluate -4 + 1 + (4 - (17 + 2)) + 6.
-12
What is 4 - ((-30 - (-57 - -13)) + (-8 - -1))?
-3
4 + (-4 - -2 - 0) + 59 + -27 + 5
39
Calculate -42 + (2 + 12 + 2 - (943 + -933)).
-36
Evaluate (-8 - -1) + 136 + -114 + 82.
97
-33 + 31 - (-100 + 52 + -20)
66
Evaluate (3 - -1) + (15 - (4 - (19 + -13))).
21
Evaluate (56 - -9 - (-52 + 87)) + 21.
51
Calculate -29 + 2 - (5 + (4 + (4 - 8) - 14)).
-18
69 + 25 + (1 - 56)
39
What is 1993 + -2006 + (-56 - 1)?
-70
Evaluate -40 + (57 + -95 - 36).
-114
-56 + 2 + (-31 + 11 - -24)
-50
What is the value of 64 + -12 + -53 + 22?
21
Evaluate (12 + (-9 - -6) - 6) + (13 - 4).
12
Calculate 9 + 7 + -5 + -11 - (-54 + 15).
39
-16 - -126 - 100 - (43 - 1)
-32
Evaluate -128 + 121 + -114 + (-3 - 0) + 0.
-124
-35 - (-26 - (-1 - 13) - -21)
-44
Calculate 207 + -194 + 22 + -3.
32
What is 1 + 1 + -127 + 110 + 47?
32
27 - (102 - (205 - 5))
125
What is the value of -17 + -8 + (945 - 849)?
71
Calculate -2 + (-2 - -7) - 6 - (83 + -23 + 22).
-85
What is the value of 22 - -46 - 53 - (15 + -30)?
30
Evaluate 170 - (14 + 223 + -99).
32
Calculate -210 + (-89 - (-375 - -131)).
-55
1 - ((0 - 7) + -79 + 158 + -16)
-55
What is the value of 17 + -7 + (7 - 2) + -12 + -57?
-54
What is (51 - 1) + -2666 + 2678?
62
Calculate (2 - (23 - 18)) + (3 - 0).
0
What is the value of -38 + 53 + (-5 - 18)?
-8
Evaluate 7 - (7 + (-39 - -18)).
21
What is -54 + 7 + 58 + 39?
50
(0 - -8) + (16 - (135 - 24)) + (5 - -2)
-80
-28 + -41 + 6 + 62
-1
Calculate 1 - ((50 - -3) + 2) - (1625 + -1624).
-55
Evaluate (0 - (0 - 13)) + -38.
-25
Calculate -152 + 42 + 65 - 31.
-76
Calculate (2 + 9 + 15 - 13 - 33) + -1.
-21
Evaluate (-63 - (133 - 151)) + 24.
-21
Calculate 0 + (16 - (-17 + 20)) + (-3 - 3).
7
What is 36 + (-197 - -110) - -107?
56
What is the value of -19 + (5 - 25) + (-109 - -92)?
-56
What is the value of -4 + (-16 - (-51 + 21) - 0)?
10
Calculate (-44 - (1 - 1)) + (-160 - -167).
-37
What is 87 + (-3 - 27 - (-952 + 957))?
52
Calculate 13 + -16 - (-104 - (-2 + -21 - -9)).
87
What is 132 + 16 + -29 + 71 + -107?
83
What is the value of -7 - (0 + 5 + 181 + -181 + -12)?
0
What is 79 + -13 + -120 + 105?
51
What is -36 + (-799 - -682) + (-1 - -34)?
-120
What is the value of -4 + (-36 - -10) + 33?
3
What is -18 - ((2 - -50) + -70 + -47 + 103)?
-56
What is the value of 2 + 24 + -654 + 665?
37
What is 7 + -15 - -68 - 53?
7
Evaluate 19 - (-3 + -16) - 21.
17
Evaluate -4 - (10 + -35 + 32).
-11
Evaluate -109 + 100 - (30 + -1 + (16 + -11 - 3)).
-40
Evaluate (-8 - -18) + 5 + -58 + 3 - -4.
-36
(0 - (12 + -1)) + 94 + -124
-41
Calculate 60 + -1 - (-25 + 21 - -43 - 42).
62
What is the value of -5 - (-1 + (0 + 0 - (192 + -203)) + -27)?
12
Evaluate 59 - (-10 + 18 + 34).
17
Evaluate -8 + 0 - (105 - (130 - 74) - 78).
21
What is -67 + -1 + 11 + 29 + (-33 - 12)?
-73
36 - (1854 + -1867 - (-24 - (0 - 0)))
25
Evaluate -4 + 4 - (38 + -48) - ((-38 - -6) + 1).
41
Calculate 8 - (-60 - 8 - -19) - 24.
33
What is 9 - (11 + 5 - -2 - -14)?
-23
Calculate -58 + -3 + 280 + -192.
27
What is -3558 + 3611 + -6 + 1?
48
Evaluate 15 + (18 - (67 + -49)).
15
Calculate 16 - 9 - ((18 - 16) + (1 + -7 - 3)).
14
Calculate -2 - (39 - (-8 + 5 + 9) - 9) - 3.
-29